nd h.
13
Suppose -y - 18 = 10*c - 11*c, 2*c + 2*y - 24 = 0. What is the greatest common divisor of 375 and c?
15
Let d be 3 + (-16 - -2) - -47. Let l(o) = -o**2 - 10*o - 7. Let u be l(-8). What is the highest common divisor of u and d?
9
Let t(j) = -15*j + 11. Let d be t(-6). Suppose d = -k - 126. Let i = k - -339. Calculate the greatest common factor of i and 16.
16
Suppose -2 = -11*f + 10*f. Suppose 2 = 2*q - 4. Suppose -f*i - 6 = 3*j - 5*i, -j - 8 = -q*i. Calculate the highest common factor of j and 5.
1
Let n be (-384)/18*1*-6. Let c = n - -20. What is the highest common divisor of c and 37?
37
Let y(w) = -9*w**2 + w + 196. Let l be y(0). Calculate the highest common divisor of 49 and l.
49
Let d = -6 + 8. Suppose -d*a - 960 = -7*a. Let u(q) = q**2 + 6*q - 48. Let p be u(6). What is the greatest common factor of a and p?
24
Let h(i) = -2*i**2 - 2*i + 2. Let r be h(-4). Let f = 17 - r. What is the highest common divisor of 26 and f?
13
Let u be (4998/12)/(-7)*12/(-7). What is the highest common divisor of u and 24?
6
Let m be (-2)/3*24/(-1). Let q = m + -12. Suppose -4*g - q = -4*x + 28, 4*g - 22 = -5*x. Calculate the greatest common factor of x and 18.
6
Let d(k) = 51*k**2. Let z be d(1). Let g(b) = 9*b**2 - 7*b + 5. Let n be g(5). Let v = n - z. Calculate the highest common divisor of 16 and v.
16
Let c be -4 + 13/((-52)/(-72)). Suppose c = l - 2. Calculate the highest common factor of l and 32.
16
Suppose -5*g - 5*m - 5 = -0*g, 0 = -3*g - m + 1. Let f(w) = 9*w + 2. Let h be f(g). Let y = 13 - h. What is the highest common factor of y and 2?
2
Suppose -1012 = 3*l - 1942. What is the highest common divisor of 30 and l?
10
Let h(f) = f**2 + f. Let t be h(-2). Suppose -164 = -3*v - v + t*l, -v + 39 = -l. Let r = v + -25. What is the highest common divisor of 90 and r?
18
Let b(m) be the first derivative of 4*m**3/3 - 6*m**2 + 2*m + 29. Let w = 7 + -2. Let i be b(w). What is the greatest common factor of 6 and i?
6
Let n = 3 - -5. Suppose 2*v - 4*c = -16, -3*v - 2*v = 4*c - 30. Let l(g) = 10*g - 4. Let j be l(v). What is the greatest common divisor of j and n?
8
Suppose 106 = 3*a + 3*f - 62, 5*a + f - 276 = 0. Suppose -50*w = -a*w + 40. Calculate the greatest common factor of 40 and w.
8
Suppose -3*l - l = -16. Suppose 0 = 3*r - 3*n - 279, -324 = -5*r + l*n + 144. Let z = 364 - 300. Calculate the greatest common divisor of r and z.
32
Suppose b + 70 = 3*t - b, 3*t + b = 82. Suppose -85 = t*q - 31*q. Calculate the greatest common factor of 51 and q.
17
Let w be (-7)/((-35)/20) - 2. Suppose 0 = -4*g - 4*a + w*a + 244, -2*a - 8 = 0. What is the highest common factor of g and 9?
9
Suppose -26*j + 23*j + 15 = 0, -3*i = j - 389. What is the greatest common factor of 16 and i?
16
Let l be 8/(-24) - 200/(-6). Suppose -l*t + 9 = -30*t. Suppose -2*d = -t*d + 9. What is the highest common divisor of d and 63?
9
Suppose 4*c = 5*i - 82 - 45, 9 = -3*c. What is the highest common divisor of 184 and i?
23
Let i(u) = 48*u + 2. Let z be i(2). Suppose 9*l - 332 + 206 = 0. What is the highest common divisor of l and z?
14
Let l be 2*(-2)/(-4) - -142. Let j be 35/(-7)*(-4)/10. Suppose 73 = 5*t - 4*a, -a + 24 = j*t - 0*t. Calculate the highest common divisor of t and l.
13
Let c = 73 + -68. Suppose 0 = -z + 4*z + c*j - 972, -4*z = j - 1296. What is the greatest common factor of 36 and z?
36
Let d(k) = -2*k**3 - 11*k**2 - 8*k - 12. Let s be d(-9). Let r be (s/(-22))/(1/(-6)). What is the highest common factor of r and 19?
19
Suppose -595 = -6*w + 1187. What is the greatest common divisor of w and 33?
33
Let n(a) = a**2 + 13*a - 3. Let b be n(-15). Suppose 7*o - 9*o - 44 = -3*h, 5*h = -4*o + 110. What is the greatest common divisor of h and b?
9
Let u be (2/(-5))/(7/(-455)). Let j = u + -38. Let w(x) = x + 21. Let s be w(j). Calculate the highest common divisor of 63 and s.
9
Let t be (-1 - 53/7)/(6/(-21)). Calculate the greatest common factor of 12 and t.
6
Let b = -401 - -724. What is the greatest common factor of b and 19?
19
Suppose m - 68 = -l - 2, -l - 4*m = -57. Calculate the greatest common factor of 46 and l.
23
Let l be ((-26)/(-9))/13 - 9388/(-36). What is the greatest common factor of l and 99?
9
Suppose -3*l - o + 6 = 0, 0 = 3*l - 7*l - 5*o + 8. Suppose 3 = l*g - 3. Suppose g*i + 3 = 30. Calculate the highest common divisor of 9 and i.
9
Let f be 381*(-2)/(-6) + 16 + -11. What is the highest common factor of 4 and f?
4
Suppose -r - 396 = -4*r. Let h(o) = -o**2 + 24*o + 37. Let k be h(25). Calculate the highest common factor of r and k.
12
Suppose -x - x - 20 = 0. Suppose -5*q + 113 = 4*j, -5*q - 2*j + 97 = -6*j. Let m = q + x. Calculate the highest common divisor of m and 88.
11
Let y = 23 + -69. Let r be y/(-3)*6/4. Let j = 303 - 119. Calculate the greatest common factor of j and r.
23
Let c(z) = 8*z. Suppose 4*j + g = -j + 4, -5*g = -2*j + 7. Let q be c(j). Calculate the highest common factor of q and 56.
8
Let s(v) = 1 - v + 0*v - 7. Let b be 5/(20/(-49)) + 6/24. Let r be s(b). Calculate the greatest common factor of 1 and r.
1
Let p be (108/42 - 6)/((-2)/28). What is the greatest common divisor of p and 12?
12
Suppose -1610*h + 81 = -1601*h. What is the highest common divisor of h and 243?
9
Let s(v) = -3*v - 7. Let x be s(-7). Let w(i) = -i**3 + 15*i**2 - 13*i + 18. Let b be w(x). Calculate the greatest common factor of 8 and b.
8
Let f = -43 + 43. Suppose 6*m = -f*m + 78. What is the greatest common factor of m and 26?
13
Let x(w) = 2*w**2 - 15*w - 6. Let d be x(9). Suppose d*n = 26*n - 2280. Calculate the greatest common divisor of 57 and n.
57
Let g = 306 - 534. Let o = 431 + g. Calculate the highest common divisor of o and 29.
29
Let u(a) = -7*a - 255. Let k be u(-45). Calculate the highest common factor of k and 15.
15
Suppose -4*c - m + 318 = 0, -42*m + 37*m - 10 = 0. Calculate the highest common divisor of 260 and c.
20
Suppose 0 = -3*t + g + 1166, -7*t = -2*t + g - 1930. Let v(q) = -q**2 - 11*q + 13. Let h be v(-6). Calculate the highest common divisor of t and h.
43
Suppose -13*p + 347 = -498. Let w = 169 - p. Calculate the greatest common factor of w and 13.
13
Suppose -17 = -5*w + 3*d + 146, 5*d + 85 = 3*w. Calculate the greatest common factor of w and 49.
7
Let z(j) = -413*j - 2827. Let d be z(-7). Let c = -13 + 21. What is the highest common factor of c and d?
8
Suppose 0*l - 2*l + 80 = 0. Let y be 1/3 - (32/3)/(-4). Suppose -y*o + 5*g = -101 - 209, 3*o - 308 = 4*g. Calculate the highest common factor of o and l.
20
Let m be (20/(-6))/((-1)/3). Suppose 0 = 8*w - 3*w - m. Suppose 2*c = 4, -5*o + w*c + 0*c + 266 = 0. What is the greatest common factor of 18 and o?
18
Suppose 96*a - 275 = 91*a. Calculate the greatest common factor of a and 44.
11
Let k(h) = 10*h. Let a be ((-3)/9)/((-2)/(-18)). Let t be (1 + 0)*a/(-3). Let u be k(t). Calculate the greatest common divisor of u and 10.
10
Let u = 52 + -75. Let i = u - -25. Suppose i*f - 10 = -4. Calculate the greatest common divisor of 33 and f.
3
Let d = 243 + -157. What is the greatest common divisor of d and 731?
43
Suppose -10*t - 998 + 2898 = 0. What is the greatest common divisor of 6 and t?
2
Suppose -3*t = 2*t - 25, 0 = -3*y - 5*t + 160. Let d = 581 - 446. What is the greatest common factor of y and d?
45
Suppose 0 = 10*q - 24 + 4. Let c be (4/(-10))/(q/(-450)). Calculate the highest common factor of 9 and c.
9
Let h(x) = 3*x**3 + 9*x**2 - 26*x + 6. Let c be h(3). What is the greatest common divisor of c and 18?
18
Let x be 2 - -6 - (-5 - -9). What is the highest common factor of x and 36?
4
Let s(i) = -i**3 - 2*i**2 + 3. Let r be s(-4). Let m = 59 - r. What is the greatest common factor of m and 60?
12
Let d(z) = -264*z - 2. Let u be d(1). Let x be (u/(-7))/((-2)/(-1)). Suppose x = 3*m - 14. What is the greatest common divisor of m and 11?
11
Let q(b) = -5*b**3 + 3*b**2 - 3*b + 4. Let t be q(2). Let p = -6 - t. Calculate the highest common divisor of 24 and p.
24
Suppose 2*i - 3*i + 40 = 0. Let k be (1 - -7)/((-26)/(-260)). What is the highest common factor of i and k?
40
Suppose 3*d + 4 = 2*a + 36, -3*a - 36 = -3*d. Suppose 0 = v + 3*s + 11, 0 = 4*v - 5*s + d - 49. What is the greatest common factor of 10 and v?
2
Let x = -99 + 141. Suppose x*k - 180 = 37*k. Calculate the gre